{"id":10519,"date":"2025-11-26T12:28:43","date_gmt":"2025-11-26T12:28:43","guid":{"rendered":"https:\/\/pasteleriapetra.es\/?post_type=product&#038;p=10519"},"modified":"2026-02-02T19:31:57","modified_gmt":"2026-02-02T19:31:57","slug":"tartaleta-de-frutos-secos","status":"publish","type":"product","link":"https:\/\/pasteleriapetra.es\/?product=tartaleta-de-frutos-secos","title":{"rendered":"Tartaleta de frutos secos"},"content":{"rendered":"<p data-start=\"177\" data-end=\"396\">Deliciosa tartaleta elaborada con masa crujiente, rellena de suave crema y coronada con una selecci\u00f3n de frutos secos que aportan sabor y textura en cada bocado. Ideal como postre, snack o acompa\u00f1amiento de caf\u00e9 y t\u00e9.<\/p>\n<p data-start=\"398\" data-end=\"597\"><strong data-start=\"398\" data-end=\"415\">Ingredientes:<\/strong><br data-start=\"415\" data-end=\"418\" \/>Harina, az\u00facar, mantequilla, crema, mezcla de frutos secos (almendras, avellanas, pistachos, anacardos), leche en polvo, emulgente (lecitina de soja), aroma natural de vainilla.<\/p>\n<p data-start=\"599\" data-end=\"798\"><strong data-start=\"599\" data-end=\"613\">Al\u00e9rgenos:<\/strong><br data-start=\"613\" data-end=\"616\" \/>Contiene <strong data-start=\"625\" data-end=\"636\">l\u00e1cteos<\/strong>, <strong data-start=\"638\" data-end=\"646\">soja<\/strong> y <strong data-start=\"649\" data-end=\"670\">frutos de c\u00e1scara<\/strong> (almendras, avellanas, pistachos, anacardos).<br data-start=\"716\" data-end=\"719\" \/>Puede contener trazas de <strong data-start=\"744\" data-end=\"754\">gluten<\/strong>, <strong data-start=\"756\" data-end=\"765\">huevo<\/strong> y <strong data-start=\"768\" data-end=\"795\">otros frutos de c\u00e1scara<\/strong>.<\/p>\n","protected":false},"excerpt":{"rendered":"<p data-start=\"177\" data-end=\"396\">Deliciosa tartaleta elaborada con masa crujiente, rellena de suave crema y coronada con una selecci\u00f3n de frutos secos que aportan sabor y textura en cada bocado. Ideal como postre, snack o acompa\u00f1amiento de caf\u00e9 y t\u00e9.<\/p>\n<p data-start=\"398\" data-end=\"597\"><strong data-start=\"398\" data-end=\"415\">Ingredientes:<\/strong><br data-start=\"415\" data-end=\"418\" \/>Harina, az\u00facar, mantequilla, crema, mezcla de frutos secos (almendras, avellanas, pistachos, anacardos), leche en polvo, emulgente (lecitina de soja), aroma natural de vainilla.<\/p>\n<p data-start=\"599\" data-end=\"798\"><strong data-start=\"599\" data-end=\"613\">Al\u00e9rgenos:<\/strong><br data-start=\"613\" data-end=\"616\" \/>Contiene <strong data-start=\"625\" data-end=\"636\">l\u00e1cteos<\/strong>, <strong data-start=\"638\" data-end=\"646\">soja<\/strong> y <strong data-start=\"649\" data-end=\"670\">frutos de c\u00e1scara<\/strong> (almendras, avellanas, pistachos, anacardos).<br data-start=\"716\" data-end=\"719\" \/>Puede contener trazas de <strong data-start=\"744\" data-end=\"754\">gluten<\/strong>, <strong data-start=\"756\" data-end=\"765\">huevo<\/strong> y <strong data-start=\"768\" data-end=\"795\">otros frutos de c\u00e1scara<\/strong>.<\/p>\n","protected":false},"featured_media":11018,"template":"","meta":[],"product_cat":[15],"product_tag":[],"class_list":{"0":"post-10519","1":"product","2":"type-product","3":"status-publish","4":"has-post-thumbnail","6":"product_cat-uncategorized","8":"first","9":"instock","10":"shipping-taxable","11":"product-type-simple"},"yoast_head":"<!-- This site is optimized with the Yoast SEO plugin v26.8 - https:\/\/yoast.com\/product\/yoast-seo-wordpress\/ -->\n<title>Tartaleta de frutos secos - Pasteler\u00eda Petra<\/title>\n<meta name=\"robots\" content=\"index, follow, max-snippet:-1, max-image-preview:large, max-video-preview:-1\" \/>\n<link rel=\"canonical\" href=\"https:\/\/pasteleriapetra.es\/?product=tartaleta-de-frutos-secos\" \/>\n<meta property=\"og:locale\" content=\"es_ES\" \/>\n<meta property=\"og:type\" content=\"article\" \/>\n<meta property=\"og:title\" content=\"Tartaleta de frutos secos - Pasteler\u00eda Petra\" \/>\n<meta property=\"og:description\" content=\"Deliciosa tartaleta elaborada con masa crujiente, rellena de suave crema y coronada con una selecci\u00f3n de frutos secos que aportan sabor y textura en cada bocado. Ideal como postre, snack o acompa\u00f1amiento de caf\u00e9 y t\u00e9. Ingredientes:Harina, az\u00facar, mantequilla, crema, mezcla de frutos secos (almendras, avellanas, pistachos, anacardos), leche en polvo, emulgente (lecitina de soja), aroma natural de vainilla. Al\u00e9rgenos:Contiene l\u00e1cteos, soja y frutos de c\u00e1scara (almendras, avellanas, pistachos, anacardos).Puede contener trazas de gluten, huevo y otros frutos de c\u00e1scara.\" \/>\n<meta property=\"og:url\" content=\"https:\/\/pasteleriapetra.es\/?product=tartaleta-de-frutos-secos\" \/>\n<meta property=\"og:site_name\" content=\"Pasteler\u00eda Petra\" \/>\n<meta property=\"article:modified_time\" content=\"2026-02-02T19:31:57+00:00\" \/>\n<meta property=\"og:image\" content=\"https:\/\/pasteleriapetra.es\/wp-content\/uploads\/2025\/11\/20251120_111024-scaled.jpg\" \/>\n\t<meta property=\"og:image:width\" content=\"2560\" \/>\n\t<meta property=\"og:image:height\" content=\"1196\" \/>\n\t<meta property=\"og:image:type\" content=\"image\/jpeg\" \/>\n<meta name=\"twitter:card\" content=\"summary_large_image\" \/>\n<meta name=\"twitter:label1\" content=\"Tiempo de lectura\" \/>\n\t<meta name=\"twitter:data1\" content=\"1 minuto\" \/>\n<script type=\"application\/ld+json\" class=\"yoast-schema-graph\">{\"@context\":\"https:\/\/schema.org\",\"@graph\":[{\"@type\":\"WebPage\",\"@id\":\"https:\/\/pasteleriapetra.es\/?product=tartaleta-de-frutos-secos\",\"url\":\"https:\/\/pasteleriapetra.es\/?product=tartaleta-de-frutos-secos\",\"name\":\"Tartaleta de frutos secos - Pasteler\u00eda Petra\",\"isPartOf\":{\"@id\":\"https:\/\/pasteleriapetra.es\/#website\"},\"primaryImageOfPage\":{\"@id\":\"https:\/\/pasteleriapetra.es\/?product=tartaleta-de-frutos-secos#primaryimage\"},\"image\":{\"@id\":\"https:\/\/pasteleriapetra.es\/?product=tartaleta-de-frutos-secos#primaryimage\"},\"thumbnailUrl\":\"https:\/\/pasteleriapetra.es\/wp-content\/uploads\/2025\/11\/20251120_111024-scaled.jpg\",\"datePublished\":\"2025-11-26T12:28:43+00:00\",\"dateModified\":\"2026-02-02T19:31:57+00:00\",\"breadcrumb\":{\"@id\":\"https:\/\/pasteleriapetra.es\/?product=tartaleta-de-frutos-secos#breadcrumb\"},\"inLanguage\":\"es\",\"potentialAction\":[{\"@type\":\"ReadAction\",\"target\":[\"https:\/\/pasteleriapetra.es\/?product=tartaleta-de-frutos-secos\"]}]},{\"@type\":\"ImageObject\",\"inLanguage\":\"es\",\"@id\":\"https:\/\/pasteleriapetra.es\/?product=tartaleta-de-frutos-secos#primaryimage\",\"url\":\"https:\/\/pasteleriapetra.es\/wp-content\/uploads\/2025\/11\/20251120_111024-scaled.jpg\",\"contentUrl\":\"https:\/\/pasteleriapetra.es\/wp-content\/uploads\/2025\/11\/20251120_111024-scaled.jpg\",\"width\":2560,\"height\":1196},{\"@type\":\"BreadcrumbList\",\"@id\":\"https:\/\/pasteleriapetra.es\/?product=tartaleta-de-frutos-secos#breadcrumb\",\"itemListElement\":[{\"@type\":\"ListItem\",\"position\":1,\"name\":\"Portada\",\"item\":\"https:\/\/pasteleriapetra.es\/\"},{\"@type\":\"ListItem\",\"position\":2,\"name\":\"Shop\",\"item\":\"https:\/\/pasteleriapetra.es\/?page_id=16\"},{\"@type\":\"ListItem\",\"position\":3,\"name\":\"Tartaleta de frutos secos\"}]},{\"@type\":\"WebSite\",\"@id\":\"https:\/\/pasteleriapetra.es\/#website\",\"url\":\"https:\/\/pasteleriapetra.es\/\",\"name\":\"Pasteler\u00eda Petra\",\"description\":\"La mejor reposter\u00eda \u00e1rabe\",\"publisher\":{\"@id\":\"https:\/\/pasteleriapetra.es\/#organization\"},\"potentialAction\":[{\"@type\":\"SearchAction\",\"target\":{\"@type\":\"EntryPoint\",\"urlTemplate\":\"https:\/\/pasteleriapetra.es\/?s={search_term_string}\"},\"query-input\":{\"@type\":\"PropertyValueSpecification\",\"valueRequired\":true,\"valueName\":\"search_term_string\"}}],\"inLanguage\":\"es\"},{\"@type\":\"Organization\",\"@id\":\"https:\/\/pasteleriapetra.es\/#organization\",\"name\":\"Pasteler\u00eda Petra\",\"url\":\"https:\/\/pasteleriapetra.es\/\",\"logo\":{\"@type\":\"ImageObject\",\"inLanguage\":\"es\",\"@id\":\"https:\/\/pasteleriapetra.es\/#\/schema\/logo\/image\/\",\"url\":\"https:\/\/pasteleriapetra.es\/wp-content\/uploads\/2025\/11\/cropped-Petra_logo-1.png\",\"contentUrl\":\"https:\/\/pasteleriapetra.es\/wp-content\/uploads\/2025\/11\/cropped-Petra_logo-1.png\",\"width\":1999,\"height\":1335,\"caption\":\"Pasteler\u00eda Petra\"},\"image\":{\"@id\":\"https:\/\/pasteleriapetra.es\/#\/schema\/logo\/image\/\"}}]}<\/script>\n<!-- \/ Yoast SEO plugin. -->","yoast_head_json":{"title":"Tartaleta de frutos secos - Pasteler\u00eda Petra","robots":{"index":"index","follow":"follow","max-snippet":"max-snippet:-1","max-image-preview":"max-image-preview:large","max-video-preview":"max-video-preview:-1"},"canonical":"https:\/\/pasteleriapetra.es\/?product=tartaleta-de-frutos-secos","og_locale":"es_ES","og_type":"article","og_title":"Tartaleta de frutos secos - Pasteler\u00eda Petra","og_description":"Deliciosa tartaleta elaborada con masa crujiente, rellena de suave crema y coronada con una selecci\u00f3n de frutos secos que aportan sabor y textura en cada bocado. Ideal como postre, snack o acompa\u00f1amiento de caf\u00e9 y t\u00e9. Ingredientes:Harina, az\u00facar, mantequilla, crema, mezcla de frutos secos (almendras, avellanas, pistachos, anacardos), leche en polvo, emulgente (lecitina de soja), aroma natural de vainilla. Al\u00e9rgenos:Contiene l\u00e1cteos, soja y frutos de c\u00e1scara (almendras, avellanas, pistachos, anacardos).Puede contener trazas de gluten, huevo y otros frutos de c\u00e1scara.","og_url":"https:\/\/pasteleriapetra.es\/?product=tartaleta-de-frutos-secos","og_site_name":"Pasteler\u00eda Petra","article_modified_time":"2026-02-02T19:31:57+00:00","og_image":[{"width":2560,"height":1196,"url":"https:\/\/pasteleriapetra.es\/wp-content\/uploads\/2025\/11\/20251120_111024-scaled.jpg","type":"image\/jpeg"}],"twitter_card":"summary_large_image","twitter_misc":{"Tiempo de lectura":"1 minuto"},"schema":{"@context":"https:\/\/schema.org","@graph":[{"@type":"WebPage","@id":"https:\/\/pasteleriapetra.es\/?product=tartaleta-de-frutos-secos","url":"https:\/\/pasteleriapetra.es\/?product=tartaleta-de-frutos-secos","name":"Tartaleta de frutos secos - Pasteler\u00eda Petra","isPartOf":{"@id":"https:\/\/pasteleriapetra.es\/#website"},"primaryImageOfPage":{"@id":"https:\/\/pasteleriapetra.es\/?product=tartaleta-de-frutos-secos#primaryimage"},"image":{"@id":"https:\/\/pasteleriapetra.es\/?product=tartaleta-de-frutos-secos#primaryimage"},"thumbnailUrl":"https:\/\/pasteleriapetra.es\/wp-content\/uploads\/2025\/11\/20251120_111024-scaled.jpg","datePublished":"2025-11-26T12:28:43+00:00","dateModified":"2026-02-02T19:31:57+00:00","breadcrumb":{"@id":"https:\/\/pasteleriapetra.es\/?product=tartaleta-de-frutos-secos#breadcrumb"},"inLanguage":"es","potentialAction":[{"@type":"ReadAction","target":["https:\/\/pasteleriapetra.es\/?product=tartaleta-de-frutos-secos"]}]},{"@type":"ImageObject","inLanguage":"es","@id":"https:\/\/pasteleriapetra.es\/?product=tartaleta-de-frutos-secos#primaryimage","url":"https:\/\/pasteleriapetra.es\/wp-content\/uploads\/2025\/11\/20251120_111024-scaled.jpg","contentUrl":"https:\/\/pasteleriapetra.es\/wp-content\/uploads\/2025\/11\/20251120_111024-scaled.jpg","width":2560,"height":1196},{"@type":"BreadcrumbList","@id":"https:\/\/pasteleriapetra.es\/?product=tartaleta-de-frutos-secos#breadcrumb","itemListElement":[{"@type":"ListItem","position":1,"name":"Portada","item":"https:\/\/pasteleriapetra.es\/"},{"@type":"ListItem","position":2,"name":"Shop","item":"https:\/\/pasteleriapetra.es\/?page_id=16"},{"@type":"ListItem","position":3,"name":"Tartaleta de frutos secos"}]},{"@type":"WebSite","@id":"https:\/\/pasteleriapetra.es\/#website","url":"https:\/\/pasteleriapetra.es\/","name":"Pasteler\u00eda Petra","description":"La mejor reposter\u00eda \u00e1rabe","publisher":{"@id":"https:\/\/pasteleriapetra.es\/#organization"},"potentialAction":[{"@type":"SearchAction","target":{"@type":"EntryPoint","urlTemplate":"https:\/\/pasteleriapetra.es\/?s={search_term_string}"},"query-input":{"@type":"PropertyValueSpecification","valueRequired":true,"valueName":"search_term_string"}}],"inLanguage":"es"},{"@type":"Organization","@id":"https:\/\/pasteleriapetra.es\/#organization","name":"Pasteler\u00eda Petra","url":"https:\/\/pasteleriapetra.es\/","logo":{"@type":"ImageObject","inLanguage":"es","@id":"https:\/\/pasteleriapetra.es\/#\/schema\/logo\/image\/","url":"https:\/\/pasteleriapetra.es\/wp-content\/uploads\/2025\/11\/cropped-Petra_logo-1.png","contentUrl":"https:\/\/pasteleriapetra.es\/wp-content\/uploads\/2025\/11\/cropped-Petra_logo-1.png","width":1999,"height":1335,"caption":"Pasteler\u00eda Petra"},"image":{"@id":"https:\/\/pasteleriapetra.es\/#\/schema\/logo\/image\/"}}]}},"_links":{"self":[{"href":"https:\/\/pasteleriapetra.es\/index.php?rest_route=\/wp\/v2\/product\/10519","targetHints":{"allow":["GET"]}}],"collection":[{"href":"https:\/\/pasteleriapetra.es\/index.php?rest_route=\/wp\/v2\/product"}],"about":[{"href":"https:\/\/pasteleriapetra.es\/index.php?rest_route=\/wp\/v2\/types\/product"}],"wp:featuredmedia":[{"embeddable":true,"href":"https:\/\/pasteleriapetra.es\/index.php?rest_route=\/wp\/v2\/media\/11018"}],"wp:attachment":[{"href":"https:\/\/pasteleriapetra.es\/index.php?rest_route=%2Fwp%2Fv2%2Fmedia&parent=10519"}],"wp:term":[{"taxonomy":"product_cat","embeddable":true,"href":"https:\/\/pasteleriapetra.es\/index.php?rest_route=%2Fwp%2Fv2%2Fproduct_cat&post=10519"},{"taxonomy":"product_tag","embeddable":true,"href":"https:\/\/pasteleriapetra.es\/index.php?rest_route=%2Fwp%2Fv2%2Fproduct_tag&post=10519"}],"curies":[{"name":"wp","href":"https:\/\/api.w.org\/{rel}","templated":true}]}}