{"id":10501,"date":"2025-11-26T12:18:38","date_gmt":"2025-11-26T12:18:38","guid":{"rendered":"https:\/\/pasteleriapetra.es\/?post_type=product&#038;p=10501"},"modified":"2026-01-26T12:40:13","modified_gmt":"2026-01-26T12:40:13","slug":"maamoul-de-pistacho","status":"publish","type":"product","link":"https:\/\/pasteleriapetra.es\/?product=maamoul-de-pistacho","title":{"rendered":"Maamoul de pistacho"},"content":{"rendered":"<p data-start=\"163\" data-end=\"401\">Delicioso dulce tradicional elaborado con masa fina y delicada, relleno de pistachos seleccionados que aportan un sabor intenso y una textura crujiente en cada bocado. Una opci\u00f3n ideal como postre, snack o acompa\u00f1amiento para caf\u00e9 y t\u00e9.<\/p>\n<p data-start=\"403\" data-end=\"520\"><strong data-start=\"403\" data-end=\"420\">Ingredientes:<\/strong><br data-start=\"420\" data-end=\"423\" \/>Harina de trigo, pistachos, mantequilla, az\u00facar, agua de azahar, aceite vegetal, levadura, sal.<\/p>\n<p data-start=\"522\" data-end=\"681\"><strong data-start=\"522\" data-end=\"536\">Al\u00e9rgenos:<\/strong><br data-start=\"536\" data-end=\"539\" \/>Contiene <strong data-start=\"548\" data-end=\"558\">gluten<\/strong> (trigo), <strong data-start=\"568\" data-end=\"579\">l\u00e1cteos<\/strong> (mantequilla) y <strong data-start=\"596\" data-end=\"617\">frutos de c\u00e1scara<\/strong> (pistachos).<br data-start=\"630\" data-end=\"633\" \/>Puede contener trazas de <strong data-start=\"658\" data-end=\"667\">huevo<\/strong> y <strong data-start=\"670\" data-end=\"678\">soja<\/strong>.<\/p>\n","protected":false},"excerpt":{"rendered":"<p data-start=\"163\" data-end=\"401\">Delicioso dulce tradicional elaborado con masa fina y delicada, relleno de pistachos seleccionados que aportan un sabor intenso y una textura crujiente en cada bocado. Una opci\u00f3n ideal como postre, snack o acompa\u00f1amiento para caf\u00e9 y t\u00e9.<\/p>\n<p data-start=\"403\" data-end=\"520\"><strong data-start=\"403\" data-end=\"420\">Ingredientes:<\/strong><br data-start=\"420\" data-end=\"423\" \/>Harina de trigo, pistachos, mantequilla, az\u00facar, agua de azahar, aceite vegetal, levadura, sal.<\/p>\n<p data-start=\"522\" data-end=\"681\"><strong data-start=\"522\" data-end=\"536\">Al\u00e9rgenos:<\/strong><br data-start=\"536\" data-end=\"539\" \/>Contiene <strong data-start=\"548\" data-end=\"558\">gluten<\/strong> (trigo), <strong data-start=\"568\" data-end=\"579\">l\u00e1cteos<\/strong> (mantequilla) y <strong data-start=\"596\" data-end=\"617\">frutos de c\u00e1scara<\/strong> (pistachos).<br data-start=\"630\" data-end=\"633\" \/>Puede contener trazas de <strong data-start=\"658\" data-end=\"667\">huevo<\/strong> y <strong data-start=\"670\" data-end=\"678\">soja<\/strong>.<\/p>\n","protected":false},"featured_media":11008,"template":"","meta":[],"product_cat":[73],"product_tag":[],"class_list":{"0":"post-10501","1":"product","2":"type-product","3":"status-publish","4":"has-post-thumbnail","6":"product_cat-maamoul","8":"first","9":"instock","10":"shipping-taxable","11":"product-type-simple"},"yoast_head":"<!-- This site is optimized with the Yoast SEO plugin v26.8 - https:\/\/yoast.com\/product\/yoast-seo-wordpress\/ -->\n<title>Maamoul de pistacho - Pasteler\u00eda Petra<\/title>\n<meta name=\"robots\" content=\"index, follow, max-snippet:-1, max-image-preview:large, max-video-preview:-1\" \/>\n<link rel=\"canonical\" href=\"https:\/\/pasteleriapetra.es\/?product=maamoul-de-pistacho\" \/>\n<meta property=\"og:locale\" content=\"es_ES\" \/>\n<meta property=\"og:type\" content=\"article\" \/>\n<meta property=\"og:title\" content=\"Maamoul de pistacho - Pasteler\u00eda Petra\" \/>\n<meta property=\"og:description\" content=\"Delicioso dulce tradicional elaborado con masa fina y delicada, relleno de pistachos seleccionados que aportan un sabor intenso y una textura crujiente en cada bocado. Una opci\u00f3n ideal como postre, snack o acompa\u00f1amiento para caf\u00e9 y t\u00e9. Ingredientes:Harina de trigo, pistachos, mantequilla, az\u00facar, agua de azahar, aceite vegetal, levadura, sal. Al\u00e9rgenos:Contiene gluten (trigo), l\u00e1cteos (mantequilla) y frutos de c\u00e1scara (pistachos).Puede contener trazas de huevo y soja.\" \/>\n<meta property=\"og:url\" content=\"https:\/\/pasteleriapetra.es\/?product=maamoul-de-pistacho\" \/>\n<meta property=\"og:site_name\" content=\"Pasteler\u00eda Petra\" \/>\n<meta property=\"article:modified_time\" content=\"2026-01-26T12:40:13+00:00\" \/>\n<meta property=\"og:image\" content=\"https:\/\/pasteleriapetra.es\/wp-content\/uploads\/2025\/11\/20260121_104217-scaled.jpg\" \/>\n\t<meta property=\"og:image:width\" content=\"2560\" \/>\n\t<meta property=\"og:image:height\" content=\"1196\" \/>\n\t<meta property=\"og:image:type\" content=\"image\/jpeg\" \/>\n<meta name=\"twitter:card\" content=\"summary_large_image\" \/>\n<meta name=\"twitter:label1\" content=\"Tiempo de lectura\" \/>\n\t<meta name=\"twitter:data1\" content=\"1 minuto\" \/>\n<script type=\"application\/ld+json\" class=\"yoast-schema-graph\">{\"@context\":\"https:\/\/schema.org\",\"@graph\":[{\"@type\":\"WebPage\",\"@id\":\"https:\/\/pasteleriapetra.es\/?product=maamoul-de-pistacho\",\"url\":\"https:\/\/pasteleriapetra.es\/?product=maamoul-de-pistacho\",\"name\":\"Maamoul de pistacho - Pasteler\u00eda Petra\",\"isPartOf\":{\"@id\":\"https:\/\/pasteleriapetra.es\/#website\"},\"primaryImageOfPage\":{\"@id\":\"https:\/\/pasteleriapetra.es\/?product=maamoul-de-pistacho#primaryimage\"},\"image\":{\"@id\":\"https:\/\/pasteleriapetra.es\/?product=maamoul-de-pistacho#primaryimage\"},\"thumbnailUrl\":\"https:\/\/pasteleriapetra.es\/wp-content\/uploads\/2025\/11\/20260121_104217-scaled.jpg\",\"datePublished\":\"2025-11-26T12:18:38+00:00\",\"dateModified\":\"2026-01-26T12:40:13+00:00\",\"breadcrumb\":{\"@id\":\"https:\/\/pasteleriapetra.es\/?product=maamoul-de-pistacho#breadcrumb\"},\"inLanguage\":\"es\",\"potentialAction\":[{\"@type\":\"ReadAction\",\"target\":[\"https:\/\/pasteleriapetra.es\/?product=maamoul-de-pistacho\"]}]},{\"@type\":\"ImageObject\",\"inLanguage\":\"es\",\"@id\":\"https:\/\/pasteleriapetra.es\/?product=maamoul-de-pistacho#primaryimage\",\"url\":\"https:\/\/pasteleriapetra.es\/wp-content\/uploads\/2025\/11\/20260121_104217-scaled.jpg\",\"contentUrl\":\"https:\/\/pasteleriapetra.es\/wp-content\/uploads\/2025\/11\/20260121_104217-scaled.jpg\",\"width\":2560,\"height\":1196},{\"@type\":\"BreadcrumbList\",\"@id\":\"https:\/\/pasteleriapetra.es\/?product=maamoul-de-pistacho#breadcrumb\",\"itemListElement\":[{\"@type\":\"ListItem\",\"position\":1,\"name\":\"Portada\",\"item\":\"https:\/\/pasteleriapetra.es\/\"},{\"@type\":\"ListItem\",\"position\":2,\"name\":\"Shop\",\"item\":\"https:\/\/pasteleriapetra.es\/?page_id=16\"},{\"@type\":\"ListItem\",\"position\":3,\"name\":\"Maamoul de pistacho\"}]},{\"@type\":\"WebSite\",\"@id\":\"https:\/\/pasteleriapetra.es\/#website\",\"url\":\"https:\/\/pasteleriapetra.es\/\",\"name\":\"Pasteler\u00eda Petra\",\"description\":\"La mejor reposter\u00eda \u00e1rabe\",\"publisher\":{\"@id\":\"https:\/\/pasteleriapetra.es\/#organization\"},\"potentialAction\":[{\"@type\":\"SearchAction\",\"target\":{\"@type\":\"EntryPoint\",\"urlTemplate\":\"https:\/\/pasteleriapetra.es\/?s={search_term_string}\"},\"query-input\":{\"@type\":\"PropertyValueSpecification\",\"valueRequired\":true,\"valueName\":\"search_term_string\"}}],\"inLanguage\":\"es\"},{\"@type\":\"Organization\",\"@id\":\"https:\/\/pasteleriapetra.es\/#organization\",\"name\":\"Pasteler\u00eda Petra\",\"url\":\"https:\/\/pasteleriapetra.es\/\",\"logo\":{\"@type\":\"ImageObject\",\"inLanguage\":\"es\",\"@id\":\"https:\/\/pasteleriapetra.es\/#\/schema\/logo\/image\/\",\"url\":\"https:\/\/pasteleriapetra.es\/wp-content\/uploads\/2025\/11\/cropped-Petra_logo-1.png\",\"contentUrl\":\"https:\/\/pasteleriapetra.es\/wp-content\/uploads\/2025\/11\/cropped-Petra_logo-1.png\",\"width\":1999,\"height\":1335,\"caption\":\"Pasteler\u00eda Petra\"},\"image\":{\"@id\":\"https:\/\/pasteleriapetra.es\/#\/schema\/logo\/image\/\"}}]}<\/script>\n<!-- \/ Yoast SEO plugin. -->","yoast_head_json":{"title":"Maamoul de pistacho - Pasteler\u00eda Petra","robots":{"index":"index","follow":"follow","max-snippet":"max-snippet:-1","max-image-preview":"max-image-preview:large","max-video-preview":"max-video-preview:-1"},"canonical":"https:\/\/pasteleriapetra.es\/?product=maamoul-de-pistacho","og_locale":"es_ES","og_type":"article","og_title":"Maamoul de pistacho - Pasteler\u00eda Petra","og_description":"Delicioso dulce tradicional elaborado con masa fina y delicada, relleno de pistachos seleccionados que aportan un sabor intenso y una textura crujiente en cada bocado. Una opci\u00f3n ideal como postre, snack o acompa\u00f1amiento para caf\u00e9 y t\u00e9. Ingredientes:Harina de trigo, pistachos, mantequilla, az\u00facar, agua de azahar, aceite vegetal, levadura, sal. Al\u00e9rgenos:Contiene gluten (trigo), l\u00e1cteos (mantequilla) y frutos de c\u00e1scara (pistachos).Puede contener trazas de huevo y soja.","og_url":"https:\/\/pasteleriapetra.es\/?product=maamoul-de-pistacho","og_site_name":"Pasteler\u00eda Petra","article_modified_time":"2026-01-26T12:40:13+00:00","og_image":[{"width":2560,"height":1196,"url":"https:\/\/pasteleriapetra.es\/wp-content\/uploads\/2025\/11\/20260121_104217-scaled.jpg","type":"image\/jpeg"}],"twitter_card":"summary_large_image","twitter_misc":{"Tiempo de lectura":"1 minuto"},"schema":{"@context":"https:\/\/schema.org","@graph":[{"@type":"WebPage","@id":"https:\/\/pasteleriapetra.es\/?product=maamoul-de-pistacho","url":"https:\/\/pasteleriapetra.es\/?product=maamoul-de-pistacho","name":"Maamoul de pistacho - Pasteler\u00eda Petra","isPartOf":{"@id":"https:\/\/pasteleriapetra.es\/#website"},"primaryImageOfPage":{"@id":"https:\/\/pasteleriapetra.es\/?product=maamoul-de-pistacho#primaryimage"},"image":{"@id":"https:\/\/pasteleriapetra.es\/?product=maamoul-de-pistacho#primaryimage"},"thumbnailUrl":"https:\/\/pasteleriapetra.es\/wp-content\/uploads\/2025\/11\/20260121_104217-scaled.jpg","datePublished":"2025-11-26T12:18:38+00:00","dateModified":"2026-01-26T12:40:13+00:00","breadcrumb":{"@id":"https:\/\/pasteleriapetra.es\/?product=maamoul-de-pistacho#breadcrumb"},"inLanguage":"es","potentialAction":[{"@type":"ReadAction","target":["https:\/\/pasteleriapetra.es\/?product=maamoul-de-pistacho"]}]},{"@type":"ImageObject","inLanguage":"es","@id":"https:\/\/pasteleriapetra.es\/?product=maamoul-de-pistacho#primaryimage","url":"https:\/\/pasteleriapetra.es\/wp-content\/uploads\/2025\/11\/20260121_104217-scaled.jpg","contentUrl":"https:\/\/pasteleriapetra.es\/wp-content\/uploads\/2025\/11\/20260121_104217-scaled.jpg","width":2560,"height":1196},{"@type":"BreadcrumbList","@id":"https:\/\/pasteleriapetra.es\/?product=maamoul-de-pistacho#breadcrumb","itemListElement":[{"@type":"ListItem","position":1,"name":"Portada","item":"https:\/\/pasteleriapetra.es\/"},{"@type":"ListItem","position":2,"name":"Shop","item":"https:\/\/pasteleriapetra.es\/?page_id=16"},{"@type":"ListItem","position":3,"name":"Maamoul de pistacho"}]},{"@type":"WebSite","@id":"https:\/\/pasteleriapetra.es\/#website","url":"https:\/\/pasteleriapetra.es\/","name":"Pasteler\u00eda Petra","description":"La mejor reposter\u00eda \u00e1rabe","publisher":{"@id":"https:\/\/pasteleriapetra.es\/#organization"},"potentialAction":[{"@type":"SearchAction","target":{"@type":"EntryPoint","urlTemplate":"https:\/\/pasteleriapetra.es\/?s={search_term_string}"},"query-input":{"@type":"PropertyValueSpecification","valueRequired":true,"valueName":"search_term_string"}}],"inLanguage":"es"},{"@type":"Organization","@id":"https:\/\/pasteleriapetra.es\/#organization","name":"Pasteler\u00eda Petra","url":"https:\/\/pasteleriapetra.es\/","logo":{"@type":"ImageObject","inLanguage":"es","@id":"https:\/\/pasteleriapetra.es\/#\/schema\/logo\/image\/","url":"https:\/\/pasteleriapetra.es\/wp-content\/uploads\/2025\/11\/cropped-Petra_logo-1.png","contentUrl":"https:\/\/pasteleriapetra.es\/wp-content\/uploads\/2025\/11\/cropped-Petra_logo-1.png","width":1999,"height":1335,"caption":"Pasteler\u00eda Petra"},"image":{"@id":"https:\/\/pasteleriapetra.es\/#\/schema\/logo\/image\/"}}]}},"_links":{"self":[{"href":"https:\/\/pasteleriapetra.es\/index.php?rest_route=\/wp\/v2\/product\/10501","targetHints":{"allow":["GET"]}}],"collection":[{"href":"https:\/\/pasteleriapetra.es\/index.php?rest_route=\/wp\/v2\/product"}],"about":[{"href":"https:\/\/pasteleriapetra.es\/index.php?rest_route=\/wp\/v2\/types\/product"}],"wp:featuredmedia":[{"embeddable":true,"href":"https:\/\/pasteleriapetra.es\/index.php?rest_route=\/wp\/v2\/media\/11008"}],"wp:attachment":[{"href":"https:\/\/pasteleriapetra.es\/index.php?rest_route=%2Fwp%2Fv2%2Fmedia&parent=10501"}],"wp:term":[{"taxonomy":"product_cat","embeddable":true,"href":"https:\/\/pasteleriapetra.es\/index.php?rest_route=%2Fwp%2Fv2%2Fproduct_cat&post=10501"},{"taxonomy":"product_tag","embeddable":true,"href":"https:\/\/pasteleriapetra.es\/index.php?rest_route=%2Fwp%2Fv2%2Fproduct_tag&post=10501"}],"curies":[{"name":"wp","href":"https:\/\/api.w.org\/{rel}","templated":true}]}}