{"id":10480,"date":"2025-11-26T12:04:58","date_gmt":"2025-11-26T12:04:58","guid":{"rendered":"https:\/\/pasteleriapetra.es\/?post_type=product&#038;p=10480"},"modified":"2026-01-21T17:47:33","modified_gmt":"2026-01-21T17:47:33","slug":"empanada-de-atun","status":"publish","type":"product","link":"https:\/\/pasteleriapetra.es\/?product=empanada-de-atun","title":{"rendered":"Empanada de atun"},"content":{"rendered":"<p data-start=\"180\" data-end=\"431\">Deliciosa empanada elaborada con una masa dorada y crujiente, rellena de at\u00fan jugoso y un sabroso sofrito tradicional. Una combinaci\u00f3n equilibrada de sabor y textura, ideal como plato principal, para compartir o disfrutar en cualquier momento del d\u00eda.<\/p>\n<p data-start=\"433\" data-end=\"541\"><strong data-start=\"433\" data-end=\"450\">Ingredientes:<\/strong><br data-start=\"450\" data-end=\"453\" \/>Harina de trigo, at\u00fan, tomate, cebolla, aceite de oliva, pimiento, huevo, sal, levadura.<\/p>\n<p data-start=\"543\" data-end=\"685\"><strong data-start=\"543\" data-end=\"557\">Al\u00e9rgenos:<\/strong><br data-start=\"557\" data-end=\"560\" \/>Contiene <strong data-start=\"569\" data-end=\"579\">gluten<\/strong> (trigo), <strong data-start=\"589\" data-end=\"600\">pescado<\/strong> y <strong data-start=\"603\" data-end=\"612\">huevo<\/strong>.<br data-start=\"613\" data-end=\"616\" \/>Puede contener trazas de <strong data-start=\"641\" data-end=\"650\">leche<\/strong>, <strong data-start=\"652\" data-end=\"660\">soja<\/strong> y <strong data-start=\"663\" data-end=\"684\">frutos de c\u00e1scara<\/strong>.<\/p>\n","protected":false},"excerpt":{"rendered":"<p data-start=\"180\" data-end=\"431\">Deliciosa empanada elaborada con una masa dorada y crujiente, rellena de at\u00fan jugoso y un sabroso sofrito tradicional. Una combinaci\u00f3n equilibrada de sabor y textura, ideal como plato principal, para compartir o disfrutar en cualquier momento del d\u00eda.<\/p>\n<p data-start=\"433\" data-end=\"541\"><strong data-start=\"433\" data-end=\"450\">Ingredientes:<\/strong><br data-start=\"450\" data-end=\"453\" \/>Harina de trigo, at\u00fan, tomate, cebolla, aceite de oliva, pimiento, huevo, sal, levadura.<\/p>\n<p data-start=\"543\" data-end=\"685\"><strong data-start=\"543\" data-end=\"557\">Al\u00e9rgenos:<\/strong><br data-start=\"557\" data-end=\"560\" \/>Contiene <strong data-start=\"569\" data-end=\"579\">gluten<\/strong> (trigo), <strong data-start=\"589\" data-end=\"600\">pescado<\/strong> y <strong data-start=\"603\" data-end=\"612\">huevo<\/strong>.<br data-start=\"613\" data-end=\"616\" \/>Puede contener trazas de <strong data-start=\"641\" data-end=\"650\">leche<\/strong>, <strong data-start=\"652\" data-end=\"660\">soja<\/strong> y <strong data-start=\"663\" data-end=\"684\">frutos de c\u00e1scara<\/strong>.<\/p>\n","protected":false},"featured_media":10960,"template":"","meta":[],"product_cat":[72],"product_tag":[],"class_list":{"0":"post-10480","1":"product","2":"type-product","3":"status-publish","4":"has-post-thumbnail","6":"product_cat-empanadas","8":"first","9":"instock","10":"shipping-taxable","11":"product-type-simple"},"yoast_head":"<!-- This site is optimized with the Yoast SEO plugin v26.8 - https:\/\/yoast.com\/product\/yoast-seo-wordpress\/ -->\n<title>Empanada de atun - Pasteler\u00eda Petra<\/title>\n<meta name=\"robots\" content=\"index, follow, max-snippet:-1, max-image-preview:large, max-video-preview:-1\" \/>\n<link rel=\"canonical\" href=\"https:\/\/pasteleriapetra.es\/?product=empanada-de-atun\" \/>\n<meta property=\"og:locale\" content=\"es_ES\" \/>\n<meta property=\"og:type\" content=\"article\" \/>\n<meta property=\"og:title\" content=\"Empanada de atun - Pasteler\u00eda Petra\" \/>\n<meta property=\"og:description\" content=\"Deliciosa empanada elaborada con una masa dorada y crujiente, rellena de at\u00fan jugoso y un sabroso sofrito tradicional. Una combinaci\u00f3n equilibrada de sabor y textura, ideal como plato principal, para compartir o disfrutar en cualquier momento del d\u00eda. Ingredientes:Harina de trigo, at\u00fan, tomate, cebolla, aceite de oliva, pimiento, huevo, sal, levadura. Al\u00e9rgenos:Contiene gluten (trigo), pescado y huevo.Puede contener trazas de leche, soja y frutos de c\u00e1scara.\" \/>\n<meta property=\"og:url\" content=\"https:\/\/pasteleriapetra.es\/?product=empanada-de-atun\" \/>\n<meta property=\"og:site_name\" content=\"Pasteler\u00eda Petra\" \/>\n<meta property=\"article:modified_time\" content=\"2026-01-21T17:47:33+00:00\" \/>\n<meta property=\"og:image\" content=\"https:\/\/pasteleriapetra.es\/wp-content\/uploads\/2025\/11\/20260121_111737-scaled.jpg\" \/>\n\t<meta property=\"og:image:width\" content=\"2560\" \/>\n\t<meta property=\"og:image:height\" content=\"1196\" \/>\n\t<meta property=\"og:image:type\" content=\"image\/jpeg\" \/>\n<meta name=\"twitter:card\" content=\"summary_large_image\" \/>\n<meta name=\"twitter:label1\" content=\"Tiempo de lectura\" \/>\n\t<meta name=\"twitter:data1\" content=\"1 minuto\" \/>\n<script type=\"application\/ld+json\" class=\"yoast-schema-graph\">{\"@context\":\"https:\/\/schema.org\",\"@graph\":[{\"@type\":\"WebPage\",\"@id\":\"https:\/\/pasteleriapetra.es\/?product=empanada-de-atun\",\"url\":\"https:\/\/pasteleriapetra.es\/?product=empanada-de-atun\",\"name\":\"Empanada de atun - Pasteler\u00eda Petra\",\"isPartOf\":{\"@id\":\"https:\/\/pasteleriapetra.es\/#website\"},\"primaryImageOfPage\":{\"@id\":\"https:\/\/pasteleriapetra.es\/?product=empanada-de-atun#primaryimage\"},\"image\":{\"@id\":\"https:\/\/pasteleriapetra.es\/?product=empanada-de-atun#primaryimage\"},\"thumbnailUrl\":\"https:\/\/pasteleriapetra.es\/wp-content\/uploads\/2025\/11\/20260121_111737-scaled.jpg\",\"datePublished\":\"2025-11-26T12:04:58+00:00\",\"dateModified\":\"2026-01-21T17:47:33+00:00\",\"breadcrumb\":{\"@id\":\"https:\/\/pasteleriapetra.es\/?product=empanada-de-atun#breadcrumb\"},\"inLanguage\":\"es\",\"potentialAction\":[{\"@type\":\"ReadAction\",\"target\":[\"https:\/\/pasteleriapetra.es\/?product=empanada-de-atun\"]}]},{\"@type\":\"ImageObject\",\"inLanguage\":\"es\",\"@id\":\"https:\/\/pasteleriapetra.es\/?product=empanada-de-atun#primaryimage\",\"url\":\"https:\/\/pasteleriapetra.es\/wp-content\/uploads\/2025\/11\/20260121_111737-scaled.jpg\",\"contentUrl\":\"https:\/\/pasteleriapetra.es\/wp-content\/uploads\/2025\/11\/20260121_111737-scaled.jpg\",\"width\":2560,\"height\":1196},{\"@type\":\"BreadcrumbList\",\"@id\":\"https:\/\/pasteleriapetra.es\/?product=empanada-de-atun#breadcrumb\",\"itemListElement\":[{\"@type\":\"ListItem\",\"position\":1,\"name\":\"Portada\",\"item\":\"https:\/\/pasteleriapetra.es\/\"},{\"@type\":\"ListItem\",\"position\":2,\"name\":\"Shop\",\"item\":\"https:\/\/pasteleriapetra.es\/?page_id=16\"},{\"@type\":\"ListItem\",\"position\":3,\"name\":\"Empanada de atun\"}]},{\"@type\":\"WebSite\",\"@id\":\"https:\/\/pasteleriapetra.es\/#website\",\"url\":\"https:\/\/pasteleriapetra.es\/\",\"name\":\"Pasteler\u00eda Petra\",\"description\":\"La mejor reposter\u00eda \u00e1rabe\",\"publisher\":{\"@id\":\"https:\/\/pasteleriapetra.es\/#organization\"},\"potentialAction\":[{\"@type\":\"SearchAction\",\"target\":{\"@type\":\"EntryPoint\",\"urlTemplate\":\"https:\/\/pasteleriapetra.es\/?s={search_term_string}\"},\"query-input\":{\"@type\":\"PropertyValueSpecification\",\"valueRequired\":true,\"valueName\":\"search_term_string\"}}],\"inLanguage\":\"es\"},{\"@type\":\"Organization\",\"@id\":\"https:\/\/pasteleriapetra.es\/#organization\",\"name\":\"Pasteler\u00eda Petra\",\"url\":\"https:\/\/pasteleriapetra.es\/\",\"logo\":{\"@type\":\"ImageObject\",\"inLanguage\":\"es\",\"@id\":\"https:\/\/pasteleriapetra.es\/#\/schema\/logo\/image\/\",\"url\":\"https:\/\/pasteleriapetra.es\/wp-content\/uploads\/2025\/11\/cropped-Petra_logo-1.png\",\"contentUrl\":\"https:\/\/pasteleriapetra.es\/wp-content\/uploads\/2025\/11\/cropped-Petra_logo-1.png\",\"width\":1999,\"height\":1335,\"caption\":\"Pasteler\u00eda Petra\"},\"image\":{\"@id\":\"https:\/\/pasteleriapetra.es\/#\/schema\/logo\/image\/\"}}]}<\/script>\n<!-- \/ Yoast SEO plugin. -->","yoast_head_json":{"title":"Empanada de atun - Pasteler\u00eda Petra","robots":{"index":"index","follow":"follow","max-snippet":"max-snippet:-1","max-image-preview":"max-image-preview:large","max-video-preview":"max-video-preview:-1"},"canonical":"https:\/\/pasteleriapetra.es\/?product=empanada-de-atun","og_locale":"es_ES","og_type":"article","og_title":"Empanada de atun - Pasteler\u00eda Petra","og_description":"Deliciosa empanada elaborada con una masa dorada y crujiente, rellena de at\u00fan jugoso y un sabroso sofrito tradicional. Una combinaci\u00f3n equilibrada de sabor y textura, ideal como plato principal, para compartir o disfrutar en cualquier momento del d\u00eda. Ingredientes:Harina de trigo, at\u00fan, tomate, cebolla, aceite de oliva, pimiento, huevo, sal, levadura. Al\u00e9rgenos:Contiene gluten (trigo), pescado y huevo.Puede contener trazas de leche, soja y frutos de c\u00e1scara.","og_url":"https:\/\/pasteleriapetra.es\/?product=empanada-de-atun","og_site_name":"Pasteler\u00eda Petra","article_modified_time":"2026-01-21T17:47:33+00:00","og_image":[{"width":2560,"height":1196,"url":"https:\/\/pasteleriapetra.es\/wp-content\/uploads\/2025\/11\/20260121_111737-scaled.jpg","type":"image\/jpeg"}],"twitter_card":"summary_large_image","twitter_misc":{"Tiempo de lectura":"1 minuto"},"schema":{"@context":"https:\/\/schema.org","@graph":[{"@type":"WebPage","@id":"https:\/\/pasteleriapetra.es\/?product=empanada-de-atun","url":"https:\/\/pasteleriapetra.es\/?product=empanada-de-atun","name":"Empanada de atun - Pasteler\u00eda Petra","isPartOf":{"@id":"https:\/\/pasteleriapetra.es\/#website"},"primaryImageOfPage":{"@id":"https:\/\/pasteleriapetra.es\/?product=empanada-de-atun#primaryimage"},"image":{"@id":"https:\/\/pasteleriapetra.es\/?product=empanada-de-atun#primaryimage"},"thumbnailUrl":"https:\/\/pasteleriapetra.es\/wp-content\/uploads\/2025\/11\/20260121_111737-scaled.jpg","datePublished":"2025-11-26T12:04:58+00:00","dateModified":"2026-01-21T17:47:33+00:00","breadcrumb":{"@id":"https:\/\/pasteleriapetra.es\/?product=empanada-de-atun#breadcrumb"},"inLanguage":"es","potentialAction":[{"@type":"ReadAction","target":["https:\/\/pasteleriapetra.es\/?product=empanada-de-atun"]}]},{"@type":"ImageObject","inLanguage":"es","@id":"https:\/\/pasteleriapetra.es\/?product=empanada-de-atun#primaryimage","url":"https:\/\/pasteleriapetra.es\/wp-content\/uploads\/2025\/11\/20260121_111737-scaled.jpg","contentUrl":"https:\/\/pasteleriapetra.es\/wp-content\/uploads\/2025\/11\/20260121_111737-scaled.jpg","width":2560,"height":1196},{"@type":"BreadcrumbList","@id":"https:\/\/pasteleriapetra.es\/?product=empanada-de-atun#breadcrumb","itemListElement":[{"@type":"ListItem","position":1,"name":"Portada","item":"https:\/\/pasteleriapetra.es\/"},{"@type":"ListItem","position":2,"name":"Shop","item":"https:\/\/pasteleriapetra.es\/?page_id=16"},{"@type":"ListItem","position":3,"name":"Empanada de atun"}]},{"@type":"WebSite","@id":"https:\/\/pasteleriapetra.es\/#website","url":"https:\/\/pasteleriapetra.es\/","name":"Pasteler\u00eda Petra","description":"La mejor reposter\u00eda \u00e1rabe","publisher":{"@id":"https:\/\/pasteleriapetra.es\/#organization"},"potentialAction":[{"@type":"SearchAction","target":{"@type":"EntryPoint","urlTemplate":"https:\/\/pasteleriapetra.es\/?s={search_term_string}"},"query-input":{"@type":"PropertyValueSpecification","valueRequired":true,"valueName":"search_term_string"}}],"inLanguage":"es"},{"@type":"Organization","@id":"https:\/\/pasteleriapetra.es\/#organization","name":"Pasteler\u00eda Petra","url":"https:\/\/pasteleriapetra.es\/","logo":{"@type":"ImageObject","inLanguage":"es","@id":"https:\/\/pasteleriapetra.es\/#\/schema\/logo\/image\/","url":"https:\/\/pasteleriapetra.es\/wp-content\/uploads\/2025\/11\/cropped-Petra_logo-1.png","contentUrl":"https:\/\/pasteleriapetra.es\/wp-content\/uploads\/2025\/11\/cropped-Petra_logo-1.png","width":1999,"height":1335,"caption":"Pasteler\u00eda Petra"},"image":{"@id":"https:\/\/pasteleriapetra.es\/#\/schema\/logo\/image\/"}}]}},"_links":{"self":[{"href":"https:\/\/pasteleriapetra.es\/index.php?rest_route=\/wp\/v2\/product\/10480","targetHints":{"allow":["GET"]}}],"collection":[{"href":"https:\/\/pasteleriapetra.es\/index.php?rest_route=\/wp\/v2\/product"}],"about":[{"href":"https:\/\/pasteleriapetra.es\/index.php?rest_route=\/wp\/v2\/types\/product"}],"wp:featuredmedia":[{"embeddable":true,"href":"https:\/\/pasteleriapetra.es\/index.php?rest_route=\/wp\/v2\/media\/10960"}],"wp:attachment":[{"href":"https:\/\/pasteleriapetra.es\/index.php?rest_route=%2Fwp%2Fv2%2Fmedia&parent=10480"}],"wp:term":[{"taxonomy":"product_cat","embeddable":true,"href":"https:\/\/pasteleriapetra.es\/index.php?rest_route=%2Fwp%2Fv2%2Fproduct_cat&post=10480"},{"taxonomy":"product_tag","embeddable":true,"href":"https:\/\/pasteleriapetra.es\/index.php?rest_route=%2Fwp%2Fv2%2Fproduct_tag&post=10480"}],"curies":[{"name":"wp","href":"https:\/\/api.w.org\/{rel}","templated":true}]}}