{"id":10476,"date":"2025-11-26T12:02:48","date_gmt":"2025-11-26T12:02:48","guid":{"rendered":"https:\/\/pasteleriapetra.es\/?post_type=product&#038;p=10476"},"modified":"2026-02-02T19:35:51","modified_gmt":"2026-02-02T19:35:51","slug":"dedos-de-cacahuete-y-coco-con-chocolate-negro","status":"publish","type":"product","link":"https:\/\/pasteleriapetra.es\/?product=dedos-de-cacahuete-y-coco-con-chocolate-negro","title":{"rendered":"Dedos de cacahuete y coco , con chocolate negro"},"content":{"rendered":"<p data-start=\"178\" data-end=\"533\">Irresistibles <strong data-start=\"192\" data-end=\"221\">Dedos de Cacahuete y Coco<\/strong>, un dulce artesanal que combina la textura crujiente del <strong data-start=\"279\" data-end=\"300\">cacahuete tostado<\/strong> con la suavidad del <strong data-start=\"321\" data-end=\"337\">coco rallado<\/strong>, todo recubierto de <strong data-start=\"358\" data-end=\"393\">chocolate negro de alta calidad<\/strong>. Cada bocado ofrece un equilibrio perfecto entre dulce, tostado y un ligero amargor del chocolate, creando una experiencia gourmet \u00fanica.<\/p>\n<p data-start=\"535\" data-end=\"821\">Perfectos como <strong data-start=\"550\" data-end=\"584\">snack, regalo o capricho dulce<\/strong>, ideales para acompa\u00f1ar caf\u00e9, t\u00e9 o disfrutar en cualquier momento que requiera un toque indulgente. Su presentaci\u00f3n elegante y su sabor intenso los convierten en un favorito dentro de la reposter\u00eda moderna inspirada en sabores \u00e1rabes.<\/p>\n<p data-start=\"823\" data-end=\"988\"><strong data-start=\"823\" data-end=\"851\">Ingredientes destacados:<\/strong> cacahuete, coco, chocolate negro, az\u00facar.<br data-start=\"893\" data-end=\"896\" \/><strong data-start=\"896\" data-end=\"910\">Al\u00e9rgenos:<\/strong> contiene cacahuete, frutos secos y puede contener trazas de gluten y leche.<\/p>\n","protected":false},"excerpt":{"rendered":"<p data-start=\"178\" data-end=\"533\">Irresistibles <strong data-start=\"192\" data-end=\"221\">Dedos de Cacahuete y Coco<\/strong>, un dulce artesanal que combina la textura crujiente del <strong data-start=\"279\" data-end=\"300\">cacahuete tostado<\/strong> con la suavidad del <strong data-start=\"321\" data-end=\"337\">coco rallado<\/strong>, todo recubierto de <strong data-start=\"358\" data-end=\"393\">chocolate negro de alta calidad<\/strong>. Cada bocado ofrece un equilibrio perfecto entre dulce, tostado y un ligero amargor del chocolate, creando una experiencia gourmet \u00fanica.<\/p>\n<p data-start=\"535\" data-end=\"821\">Perfectos como <strong data-start=\"550\" data-end=\"584\">snack, regalo o capricho dulce<\/strong>, ideales para acompa\u00f1ar caf\u00e9, t\u00e9 o disfrutar en cualquier momento que requiera un toque indulgente. Su presentaci\u00f3n elegante y su sabor intenso los convierten en un favorito dentro de la reposter\u00eda moderna inspirada en sabores \u00e1rabes.<\/p>\n<p data-start=\"823\" data-end=\"988\"><strong data-start=\"823\" data-end=\"851\">Ingredientes destacados:<\/strong> cacahuete, coco, chocolate negro, az\u00facar.<br data-start=\"893\" data-end=\"896\" \/><strong data-start=\"896\" data-end=\"910\">Al\u00e9rgenos:<\/strong> contiene cacahuete, frutos secos y puede contener trazas de gluten y leche.<\/p>\n","protected":false},"featured_media":11024,"template":"","meta":[],"product_cat":[71],"product_tag":[],"class_list":{"0":"post-10476","1":"product","2":"type-product","3":"status-publish","4":"has-post-thumbnail","6":"product_cat-dedos","8":"first","9":"instock","10":"shipping-taxable","11":"product-type-simple"},"yoast_head":"<!-- This site is optimized with the Yoast SEO plugin v26.8 - https:\/\/yoast.com\/product\/yoast-seo-wordpress\/ -->\n<title>Dedos de cacahuete y coco , con chocolate negro - Pasteler\u00eda Petra<\/title>\n<meta name=\"robots\" content=\"index, follow, max-snippet:-1, max-image-preview:large, max-video-preview:-1\" \/>\n<link rel=\"canonical\" href=\"https:\/\/pasteleriapetra.es\/?product=dedos-de-cacahuete-y-coco-con-chocolate-negro\" \/>\n<meta property=\"og:locale\" content=\"es_ES\" \/>\n<meta property=\"og:type\" content=\"article\" \/>\n<meta property=\"og:title\" content=\"Dedos de cacahuete y coco , con chocolate negro - Pasteler\u00eda Petra\" \/>\n<meta property=\"og:description\" content=\"Irresistibles Dedos de Cacahuete y Coco, un dulce artesanal que combina la textura crujiente del cacahuete tostado con la suavidad del coco rallado, todo recubierto de chocolate negro de alta calidad. Cada bocado ofrece un equilibrio perfecto entre dulce, tostado y un ligero amargor del chocolate, creando una experiencia gourmet \u00fanica. Perfectos como snack, regalo o capricho dulce, ideales para acompa\u00f1ar caf\u00e9, t\u00e9 o disfrutar en cualquier momento que requiera un toque indulgente. Su presentaci\u00f3n elegante y su sabor intenso los convierten en un favorito dentro de la reposter\u00eda moderna inspirada en sabores \u00e1rabes. Ingredientes destacados: cacahuete, coco, chocolate negro, az\u00facar.Al\u00e9rgenos: contiene cacahuete, frutos secos y puede contener trazas de gluten y leche.\" \/>\n<meta property=\"og:url\" content=\"https:\/\/pasteleriapetra.es\/?product=dedos-de-cacahuete-y-coco-con-chocolate-negro\" \/>\n<meta property=\"og:site_name\" content=\"Pasteler\u00eda Petra\" \/>\n<meta property=\"article:modified_time\" content=\"2026-02-02T19:35:51+00:00\" \/>\n<meta property=\"og:image\" content=\"https:\/\/pasteleriapetra.es\/wp-content\/uploads\/2025\/11\/20251120_112415-scaled.jpg\" \/>\n\t<meta property=\"og:image:width\" content=\"2560\" \/>\n\t<meta property=\"og:image:height\" content=\"1196\" \/>\n\t<meta property=\"og:image:type\" content=\"image\/jpeg\" \/>\n<meta name=\"twitter:card\" content=\"summary_large_image\" \/>\n<meta name=\"twitter:label1\" content=\"Tiempo de lectura\" \/>\n\t<meta name=\"twitter:data1\" content=\"1 minuto\" \/>\n<script type=\"application\/ld+json\" class=\"yoast-schema-graph\">{\"@context\":\"https:\/\/schema.org\",\"@graph\":[{\"@type\":\"WebPage\",\"@id\":\"https:\/\/pasteleriapetra.es\/?product=dedos-de-cacahuete-y-coco-con-chocolate-negro\",\"url\":\"https:\/\/pasteleriapetra.es\/?product=dedos-de-cacahuete-y-coco-con-chocolate-negro\",\"name\":\"Dedos de cacahuete y coco , con chocolate negro - Pasteler\u00eda Petra\",\"isPartOf\":{\"@id\":\"https:\/\/pasteleriapetra.es\/#website\"},\"primaryImageOfPage\":{\"@id\":\"https:\/\/pasteleriapetra.es\/?product=dedos-de-cacahuete-y-coco-con-chocolate-negro#primaryimage\"},\"image\":{\"@id\":\"https:\/\/pasteleriapetra.es\/?product=dedos-de-cacahuete-y-coco-con-chocolate-negro#primaryimage\"},\"thumbnailUrl\":\"https:\/\/pasteleriapetra.es\/wp-content\/uploads\/2025\/11\/20251120_112415-scaled.jpg\",\"datePublished\":\"2025-11-26T12:02:48+00:00\",\"dateModified\":\"2026-02-02T19:35:51+00:00\",\"breadcrumb\":{\"@id\":\"https:\/\/pasteleriapetra.es\/?product=dedos-de-cacahuete-y-coco-con-chocolate-negro#breadcrumb\"},\"inLanguage\":\"es\",\"potentialAction\":[{\"@type\":\"ReadAction\",\"target\":[\"https:\/\/pasteleriapetra.es\/?product=dedos-de-cacahuete-y-coco-con-chocolate-negro\"]}]},{\"@type\":\"ImageObject\",\"inLanguage\":\"es\",\"@id\":\"https:\/\/pasteleriapetra.es\/?product=dedos-de-cacahuete-y-coco-con-chocolate-negro#primaryimage\",\"url\":\"https:\/\/pasteleriapetra.es\/wp-content\/uploads\/2025\/11\/20251120_112415-scaled.jpg\",\"contentUrl\":\"https:\/\/pasteleriapetra.es\/wp-content\/uploads\/2025\/11\/20251120_112415-scaled.jpg\",\"width\":2560,\"height\":1196},{\"@type\":\"BreadcrumbList\",\"@id\":\"https:\/\/pasteleriapetra.es\/?product=dedos-de-cacahuete-y-coco-con-chocolate-negro#breadcrumb\",\"itemListElement\":[{\"@type\":\"ListItem\",\"position\":1,\"name\":\"Portada\",\"item\":\"https:\/\/pasteleriapetra.es\/\"},{\"@type\":\"ListItem\",\"position\":2,\"name\":\"Shop\",\"item\":\"https:\/\/pasteleriapetra.es\/?page_id=16\"},{\"@type\":\"ListItem\",\"position\":3,\"name\":\"Dedos de cacahuete y coco , con chocolate negro\"}]},{\"@type\":\"WebSite\",\"@id\":\"https:\/\/pasteleriapetra.es\/#website\",\"url\":\"https:\/\/pasteleriapetra.es\/\",\"name\":\"Pasteler\u00eda Petra\",\"description\":\"La mejor reposter\u00eda \u00e1rabe\",\"publisher\":{\"@id\":\"https:\/\/pasteleriapetra.es\/#organization\"},\"potentialAction\":[{\"@type\":\"SearchAction\",\"target\":{\"@type\":\"EntryPoint\",\"urlTemplate\":\"https:\/\/pasteleriapetra.es\/?s={search_term_string}\"},\"query-input\":{\"@type\":\"PropertyValueSpecification\",\"valueRequired\":true,\"valueName\":\"search_term_string\"}}],\"inLanguage\":\"es\"},{\"@type\":\"Organization\",\"@id\":\"https:\/\/pasteleriapetra.es\/#organization\",\"name\":\"Pasteler\u00eda Petra\",\"url\":\"https:\/\/pasteleriapetra.es\/\",\"logo\":{\"@type\":\"ImageObject\",\"inLanguage\":\"es\",\"@id\":\"https:\/\/pasteleriapetra.es\/#\/schema\/logo\/image\/\",\"url\":\"https:\/\/pasteleriapetra.es\/wp-content\/uploads\/2025\/11\/cropped-Petra_logo-1.png\",\"contentUrl\":\"https:\/\/pasteleriapetra.es\/wp-content\/uploads\/2025\/11\/cropped-Petra_logo-1.png\",\"width\":1999,\"height\":1335,\"caption\":\"Pasteler\u00eda Petra\"},\"image\":{\"@id\":\"https:\/\/pasteleriapetra.es\/#\/schema\/logo\/image\/\"}}]}<\/script>\n<!-- \/ Yoast SEO plugin. -->","yoast_head_json":{"title":"Dedos de cacahuete y coco , con chocolate negro - Pasteler\u00eda Petra","robots":{"index":"index","follow":"follow","max-snippet":"max-snippet:-1","max-image-preview":"max-image-preview:large","max-video-preview":"max-video-preview:-1"},"canonical":"https:\/\/pasteleriapetra.es\/?product=dedos-de-cacahuete-y-coco-con-chocolate-negro","og_locale":"es_ES","og_type":"article","og_title":"Dedos de cacahuete y coco , con chocolate negro - Pasteler\u00eda Petra","og_description":"Irresistibles Dedos de Cacahuete y Coco, un dulce artesanal que combina la textura crujiente del cacahuete tostado con la suavidad del coco rallado, todo recubierto de chocolate negro de alta calidad. Cada bocado ofrece un equilibrio perfecto entre dulce, tostado y un ligero amargor del chocolate, creando una experiencia gourmet \u00fanica. Perfectos como snack, regalo o capricho dulce, ideales para acompa\u00f1ar caf\u00e9, t\u00e9 o disfrutar en cualquier momento que requiera un toque indulgente. Su presentaci\u00f3n elegante y su sabor intenso los convierten en un favorito dentro de la reposter\u00eda moderna inspirada en sabores \u00e1rabes. Ingredientes destacados: cacahuete, coco, chocolate negro, az\u00facar.Al\u00e9rgenos: contiene cacahuete, frutos secos y puede contener trazas de gluten y leche.","og_url":"https:\/\/pasteleriapetra.es\/?product=dedos-de-cacahuete-y-coco-con-chocolate-negro","og_site_name":"Pasteler\u00eda Petra","article_modified_time":"2026-02-02T19:35:51+00:00","og_image":[{"width":2560,"height":1196,"url":"https:\/\/pasteleriapetra.es\/wp-content\/uploads\/2025\/11\/20251120_112415-scaled.jpg","type":"image\/jpeg"}],"twitter_card":"summary_large_image","twitter_misc":{"Tiempo de lectura":"1 minuto"},"schema":{"@context":"https:\/\/schema.org","@graph":[{"@type":"WebPage","@id":"https:\/\/pasteleriapetra.es\/?product=dedos-de-cacahuete-y-coco-con-chocolate-negro","url":"https:\/\/pasteleriapetra.es\/?product=dedos-de-cacahuete-y-coco-con-chocolate-negro","name":"Dedos de cacahuete y coco , con chocolate negro - Pasteler\u00eda Petra","isPartOf":{"@id":"https:\/\/pasteleriapetra.es\/#website"},"primaryImageOfPage":{"@id":"https:\/\/pasteleriapetra.es\/?product=dedos-de-cacahuete-y-coco-con-chocolate-negro#primaryimage"},"image":{"@id":"https:\/\/pasteleriapetra.es\/?product=dedos-de-cacahuete-y-coco-con-chocolate-negro#primaryimage"},"thumbnailUrl":"https:\/\/pasteleriapetra.es\/wp-content\/uploads\/2025\/11\/20251120_112415-scaled.jpg","datePublished":"2025-11-26T12:02:48+00:00","dateModified":"2026-02-02T19:35:51+00:00","breadcrumb":{"@id":"https:\/\/pasteleriapetra.es\/?product=dedos-de-cacahuete-y-coco-con-chocolate-negro#breadcrumb"},"inLanguage":"es","potentialAction":[{"@type":"ReadAction","target":["https:\/\/pasteleriapetra.es\/?product=dedos-de-cacahuete-y-coco-con-chocolate-negro"]}]},{"@type":"ImageObject","inLanguage":"es","@id":"https:\/\/pasteleriapetra.es\/?product=dedos-de-cacahuete-y-coco-con-chocolate-negro#primaryimage","url":"https:\/\/pasteleriapetra.es\/wp-content\/uploads\/2025\/11\/20251120_112415-scaled.jpg","contentUrl":"https:\/\/pasteleriapetra.es\/wp-content\/uploads\/2025\/11\/20251120_112415-scaled.jpg","width":2560,"height":1196},{"@type":"BreadcrumbList","@id":"https:\/\/pasteleriapetra.es\/?product=dedos-de-cacahuete-y-coco-con-chocolate-negro#breadcrumb","itemListElement":[{"@type":"ListItem","position":1,"name":"Portada","item":"https:\/\/pasteleriapetra.es\/"},{"@type":"ListItem","position":2,"name":"Shop","item":"https:\/\/pasteleriapetra.es\/?page_id=16"},{"@type":"ListItem","position":3,"name":"Dedos de cacahuete y coco , con chocolate negro"}]},{"@type":"WebSite","@id":"https:\/\/pasteleriapetra.es\/#website","url":"https:\/\/pasteleriapetra.es\/","name":"Pasteler\u00eda Petra","description":"La mejor reposter\u00eda \u00e1rabe","publisher":{"@id":"https:\/\/pasteleriapetra.es\/#organization"},"potentialAction":[{"@type":"SearchAction","target":{"@type":"EntryPoint","urlTemplate":"https:\/\/pasteleriapetra.es\/?s={search_term_string}"},"query-input":{"@type":"PropertyValueSpecification","valueRequired":true,"valueName":"search_term_string"}}],"inLanguage":"es"},{"@type":"Organization","@id":"https:\/\/pasteleriapetra.es\/#organization","name":"Pasteler\u00eda Petra","url":"https:\/\/pasteleriapetra.es\/","logo":{"@type":"ImageObject","inLanguage":"es","@id":"https:\/\/pasteleriapetra.es\/#\/schema\/logo\/image\/","url":"https:\/\/pasteleriapetra.es\/wp-content\/uploads\/2025\/11\/cropped-Petra_logo-1.png","contentUrl":"https:\/\/pasteleriapetra.es\/wp-content\/uploads\/2025\/11\/cropped-Petra_logo-1.png","width":1999,"height":1335,"caption":"Pasteler\u00eda Petra"},"image":{"@id":"https:\/\/pasteleriapetra.es\/#\/schema\/logo\/image\/"}}]}},"_links":{"self":[{"href":"https:\/\/pasteleriapetra.es\/index.php?rest_route=\/wp\/v2\/product\/10476","targetHints":{"allow":["GET"]}}],"collection":[{"href":"https:\/\/pasteleriapetra.es\/index.php?rest_route=\/wp\/v2\/product"}],"about":[{"href":"https:\/\/pasteleriapetra.es\/index.php?rest_route=\/wp\/v2\/types\/product"}],"wp:featuredmedia":[{"embeddable":true,"href":"https:\/\/pasteleriapetra.es\/index.php?rest_route=\/wp\/v2\/media\/11024"}],"wp:attachment":[{"href":"https:\/\/pasteleriapetra.es\/index.php?rest_route=%2Fwp%2Fv2%2Fmedia&parent=10476"}],"wp:term":[{"taxonomy":"product_cat","embeddable":true,"href":"https:\/\/pasteleriapetra.es\/index.php?rest_route=%2Fwp%2Fv2%2Fproduct_cat&post=10476"},{"taxonomy":"product_tag","embeddable":true,"href":"https:\/\/pasteleriapetra.es\/index.php?rest_route=%2Fwp%2Fv2%2Fproduct_tag&post=10476"}],"curies":[{"name":"wp","href":"https:\/\/api.w.org\/{rel}","templated":true}]}}