{"id":10455,"date":"2025-11-26T11:46:17","date_gmt":"2025-11-26T11:46:17","guid":{"rendered":"https:\/\/pasteleriapetra.es\/?post_type=product&#038;p=10455"},"modified":"2026-03-10T16:22:45","modified_gmt":"2026-03-10T16:22:45","slug":"baklawa-de-pistacho-y-almendras","status":"publish","type":"product","link":"https:\/\/pasteleriapetra.es\/?product=baklawa-de-pistacho-y-almendras","title":{"rendered":"Baklawa de pistacho y almendras"},"content":{"rendered":"<p><strong data-start=\"58\" data-end=\"93\">Baklawa de pistacho y almendras<\/strong><br data-start=\"93\" data-end=\"96\" \/>Capas finas de masa crujiente elaboradas artesanalmente, rellenas de una cuidada mezcla de pistacho y almendras que aportan un sabor equilibrado y una textura irresistible. Ba\u00f1ada con un alm\u00edbar ligero que realza el car\u00e1cter natural de los frutos secos, esta baklawa es perfecta para disfrutar como postre o acompa\u00f1ar un buen caf\u00e9 o t\u00e9.<\/p>\n","protected":false},"excerpt":{"rendered":"<p><strong data-start=\"58\" data-end=\"93\">Baklawa de pistacho y almendras<\/strong><br data-start=\"93\" data-end=\"96\" \/>Capas finas de masa crujiente elaboradas artesanalmente, rellenas de una cuidada mezcla de pistacho y almendras que aportan un sabor equilibrado y una textura irresistible. Ba\u00f1ada con un alm\u00edbar ligero que realza el car\u00e1cter natural de los frutos secos, esta baklawa es perfecta para disfrutar como postre o acompa\u00f1ar un buen caf\u00e9 o t\u00e9.<\/p>\n","protected":false},"featured_media":10994,"template":"","meta":[],"product_cat":[70],"product_tag":[],"class_list":{"0":"post-10455","1":"product","2":"type-product","3":"status-publish","4":"has-post-thumbnail","6":"product_cat-baklawa","8":"first","9":"instock","10":"shipping-taxable","11":"product-type-simple"},"yoast_head":"<!-- This site is optimized with the Yoast SEO plugin v26.8 - https:\/\/yoast.com\/product\/yoast-seo-wordpress\/ -->\n<title>Baklawa de pistacho y almendras - Pasteler\u00eda Petra<\/title>\n<meta name=\"robots\" content=\"index, follow, max-snippet:-1, max-image-preview:large, max-video-preview:-1\" \/>\n<link rel=\"canonical\" href=\"https:\/\/pasteleriapetra.es\/?product=baklawa-de-pistacho-y-almendras\" \/>\n<meta property=\"og:locale\" content=\"es_ES\" \/>\n<meta property=\"og:type\" content=\"article\" \/>\n<meta property=\"og:title\" content=\"Baklawa de pistacho y almendras - Pasteler\u00eda Petra\" \/>\n<meta property=\"og:description\" content=\"Baklawa de pistacho y almendrasCapas finas de masa crujiente elaboradas artesanalmente, rellenas de una cuidada mezcla de pistacho y almendras que aportan un sabor equilibrado y una textura irresistible. Ba\u00f1ada con un alm\u00edbar ligero que realza el car\u00e1cter natural de los frutos secos, esta baklawa es perfecta para disfrutar como postre o acompa\u00f1ar un buen caf\u00e9 o t\u00e9.\" \/>\n<meta property=\"og:url\" content=\"https:\/\/pasteleriapetra.es\/?product=baklawa-de-pistacho-y-almendras\" \/>\n<meta property=\"og:site_name\" content=\"Pasteler\u00eda Petra\" \/>\n<meta property=\"article:modified_time\" content=\"2026-03-10T16:22:45+00:00\" \/>\n<meta property=\"og:image\" content=\"https:\/\/pasteleriapetra.es\/wp-content\/uploads\/2025\/11\/20260121_095547-scaled.jpg\" \/>\n\t<meta property=\"og:image:width\" content=\"2560\" \/>\n\t<meta property=\"og:image:height\" content=\"1196\" \/>\n\t<meta property=\"og:image:type\" content=\"image\/jpeg\" \/>\n<meta name=\"twitter:card\" content=\"summary_large_image\" \/>\n<meta name=\"twitter:label1\" content=\"Tiempo de lectura\" \/>\n\t<meta name=\"twitter:data1\" content=\"1 minuto\" \/>\n<script type=\"application\/ld+json\" class=\"yoast-schema-graph\">{\"@context\":\"https:\/\/schema.org\",\"@graph\":[{\"@type\":\"WebPage\",\"@id\":\"https:\/\/pasteleriapetra.es\/?product=baklawa-de-pistacho-y-almendras\",\"url\":\"https:\/\/pasteleriapetra.es\/?product=baklawa-de-pistacho-y-almendras\",\"name\":\"Baklawa de pistacho y almendras - Pasteler\u00eda Petra\",\"isPartOf\":{\"@id\":\"https:\/\/pasteleriapetra.es\/#website\"},\"primaryImageOfPage\":{\"@id\":\"https:\/\/pasteleriapetra.es\/?product=baklawa-de-pistacho-y-almendras#primaryimage\"},\"image\":{\"@id\":\"https:\/\/pasteleriapetra.es\/?product=baklawa-de-pistacho-y-almendras#primaryimage\"},\"thumbnailUrl\":\"https:\/\/pasteleriapetra.es\/wp-content\/uploads\/2025\/11\/20260121_095547-scaled.jpg\",\"datePublished\":\"2025-11-26T11:46:17+00:00\",\"dateModified\":\"2026-03-10T16:22:45+00:00\",\"breadcrumb\":{\"@id\":\"https:\/\/pasteleriapetra.es\/?product=baklawa-de-pistacho-y-almendras#breadcrumb\"},\"inLanguage\":\"es\",\"potentialAction\":[{\"@type\":\"ReadAction\",\"target\":[\"https:\/\/pasteleriapetra.es\/?product=baklawa-de-pistacho-y-almendras\"]}]},{\"@type\":\"ImageObject\",\"inLanguage\":\"es\",\"@id\":\"https:\/\/pasteleriapetra.es\/?product=baklawa-de-pistacho-y-almendras#primaryimage\",\"url\":\"https:\/\/pasteleriapetra.es\/wp-content\/uploads\/2025\/11\/20260121_095547-scaled.jpg\",\"contentUrl\":\"https:\/\/pasteleriapetra.es\/wp-content\/uploads\/2025\/11\/20260121_095547-scaled.jpg\",\"width\":2560,\"height\":1196},{\"@type\":\"BreadcrumbList\",\"@id\":\"https:\/\/pasteleriapetra.es\/?product=baklawa-de-pistacho-y-almendras#breadcrumb\",\"itemListElement\":[{\"@type\":\"ListItem\",\"position\":1,\"name\":\"Portada\",\"item\":\"https:\/\/pasteleriapetra.es\/\"},{\"@type\":\"ListItem\",\"position\":2,\"name\":\"Shop\",\"item\":\"https:\/\/pasteleriapetra.es\/?page_id=16\"},{\"@type\":\"ListItem\",\"position\":3,\"name\":\"Baklawa de pistacho y almendras\"}]},{\"@type\":\"WebSite\",\"@id\":\"https:\/\/pasteleriapetra.es\/#website\",\"url\":\"https:\/\/pasteleriapetra.es\/\",\"name\":\"Pasteler\u00eda Petra\",\"description\":\"La mejor reposter\u00eda \u00e1rabe\",\"publisher\":{\"@id\":\"https:\/\/pasteleriapetra.es\/#organization\"},\"potentialAction\":[{\"@type\":\"SearchAction\",\"target\":{\"@type\":\"EntryPoint\",\"urlTemplate\":\"https:\/\/pasteleriapetra.es\/?s={search_term_string}\"},\"query-input\":{\"@type\":\"PropertyValueSpecification\",\"valueRequired\":true,\"valueName\":\"search_term_string\"}}],\"inLanguage\":\"es\"},{\"@type\":\"Organization\",\"@id\":\"https:\/\/pasteleriapetra.es\/#organization\",\"name\":\"Pasteler\u00eda Petra\",\"url\":\"https:\/\/pasteleriapetra.es\/\",\"logo\":{\"@type\":\"ImageObject\",\"inLanguage\":\"es\",\"@id\":\"https:\/\/pasteleriapetra.es\/#\/schema\/logo\/image\/\",\"url\":\"https:\/\/pasteleriapetra.es\/wp-content\/uploads\/2025\/11\/cropped-Petra_logo-1.png\",\"contentUrl\":\"https:\/\/pasteleriapetra.es\/wp-content\/uploads\/2025\/11\/cropped-Petra_logo-1.png\",\"width\":1999,\"height\":1335,\"caption\":\"Pasteler\u00eda Petra\"},\"image\":{\"@id\":\"https:\/\/pasteleriapetra.es\/#\/schema\/logo\/image\/\"}}]}<\/script>\n<!-- \/ Yoast SEO plugin. -->","yoast_head_json":{"title":"Baklawa de pistacho y almendras - Pasteler\u00eda Petra","robots":{"index":"index","follow":"follow","max-snippet":"max-snippet:-1","max-image-preview":"max-image-preview:large","max-video-preview":"max-video-preview:-1"},"canonical":"https:\/\/pasteleriapetra.es\/?product=baklawa-de-pistacho-y-almendras","og_locale":"es_ES","og_type":"article","og_title":"Baklawa de pistacho y almendras - Pasteler\u00eda Petra","og_description":"Baklawa de pistacho y almendrasCapas finas de masa crujiente elaboradas artesanalmente, rellenas de una cuidada mezcla de pistacho y almendras que aportan un sabor equilibrado y una textura irresistible. Ba\u00f1ada con un alm\u00edbar ligero que realza el car\u00e1cter natural de los frutos secos, esta baklawa es perfecta para disfrutar como postre o acompa\u00f1ar un buen caf\u00e9 o t\u00e9.","og_url":"https:\/\/pasteleriapetra.es\/?product=baklawa-de-pistacho-y-almendras","og_site_name":"Pasteler\u00eda Petra","article_modified_time":"2026-03-10T16:22:45+00:00","og_image":[{"width":2560,"height":1196,"url":"https:\/\/pasteleriapetra.es\/wp-content\/uploads\/2025\/11\/20260121_095547-scaled.jpg","type":"image\/jpeg"}],"twitter_card":"summary_large_image","twitter_misc":{"Tiempo de lectura":"1 minuto"},"schema":{"@context":"https:\/\/schema.org","@graph":[{"@type":"WebPage","@id":"https:\/\/pasteleriapetra.es\/?product=baklawa-de-pistacho-y-almendras","url":"https:\/\/pasteleriapetra.es\/?product=baklawa-de-pistacho-y-almendras","name":"Baklawa de pistacho y almendras - Pasteler\u00eda Petra","isPartOf":{"@id":"https:\/\/pasteleriapetra.es\/#website"},"primaryImageOfPage":{"@id":"https:\/\/pasteleriapetra.es\/?product=baklawa-de-pistacho-y-almendras#primaryimage"},"image":{"@id":"https:\/\/pasteleriapetra.es\/?product=baklawa-de-pistacho-y-almendras#primaryimage"},"thumbnailUrl":"https:\/\/pasteleriapetra.es\/wp-content\/uploads\/2025\/11\/20260121_095547-scaled.jpg","datePublished":"2025-11-26T11:46:17+00:00","dateModified":"2026-03-10T16:22:45+00:00","breadcrumb":{"@id":"https:\/\/pasteleriapetra.es\/?product=baklawa-de-pistacho-y-almendras#breadcrumb"},"inLanguage":"es","potentialAction":[{"@type":"ReadAction","target":["https:\/\/pasteleriapetra.es\/?product=baklawa-de-pistacho-y-almendras"]}]},{"@type":"ImageObject","inLanguage":"es","@id":"https:\/\/pasteleriapetra.es\/?product=baklawa-de-pistacho-y-almendras#primaryimage","url":"https:\/\/pasteleriapetra.es\/wp-content\/uploads\/2025\/11\/20260121_095547-scaled.jpg","contentUrl":"https:\/\/pasteleriapetra.es\/wp-content\/uploads\/2025\/11\/20260121_095547-scaled.jpg","width":2560,"height":1196},{"@type":"BreadcrumbList","@id":"https:\/\/pasteleriapetra.es\/?product=baklawa-de-pistacho-y-almendras#breadcrumb","itemListElement":[{"@type":"ListItem","position":1,"name":"Portada","item":"https:\/\/pasteleriapetra.es\/"},{"@type":"ListItem","position":2,"name":"Shop","item":"https:\/\/pasteleriapetra.es\/?page_id=16"},{"@type":"ListItem","position":3,"name":"Baklawa de pistacho y almendras"}]},{"@type":"WebSite","@id":"https:\/\/pasteleriapetra.es\/#website","url":"https:\/\/pasteleriapetra.es\/","name":"Pasteler\u00eda Petra","description":"La mejor reposter\u00eda \u00e1rabe","publisher":{"@id":"https:\/\/pasteleriapetra.es\/#organization"},"potentialAction":[{"@type":"SearchAction","target":{"@type":"EntryPoint","urlTemplate":"https:\/\/pasteleriapetra.es\/?s={search_term_string}"},"query-input":{"@type":"PropertyValueSpecification","valueRequired":true,"valueName":"search_term_string"}}],"inLanguage":"es"},{"@type":"Organization","@id":"https:\/\/pasteleriapetra.es\/#organization","name":"Pasteler\u00eda Petra","url":"https:\/\/pasteleriapetra.es\/","logo":{"@type":"ImageObject","inLanguage":"es","@id":"https:\/\/pasteleriapetra.es\/#\/schema\/logo\/image\/","url":"https:\/\/pasteleriapetra.es\/wp-content\/uploads\/2025\/11\/cropped-Petra_logo-1.png","contentUrl":"https:\/\/pasteleriapetra.es\/wp-content\/uploads\/2025\/11\/cropped-Petra_logo-1.png","width":1999,"height":1335,"caption":"Pasteler\u00eda Petra"},"image":{"@id":"https:\/\/pasteleriapetra.es\/#\/schema\/logo\/image\/"}}]}},"_links":{"self":[{"href":"https:\/\/pasteleriapetra.es\/index.php?rest_route=\/wp\/v2\/product\/10455","targetHints":{"allow":["GET"]}}],"collection":[{"href":"https:\/\/pasteleriapetra.es\/index.php?rest_route=\/wp\/v2\/product"}],"about":[{"href":"https:\/\/pasteleriapetra.es\/index.php?rest_route=\/wp\/v2\/types\/product"}],"wp:featuredmedia":[{"embeddable":true,"href":"https:\/\/pasteleriapetra.es\/index.php?rest_route=\/wp\/v2\/media\/10994"}],"wp:attachment":[{"href":"https:\/\/pasteleriapetra.es\/index.php?rest_route=%2Fwp%2Fv2%2Fmedia&parent=10455"}],"wp:term":[{"taxonomy":"product_cat","embeddable":true,"href":"https:\/\/pasteleriapetra.es\/index.php?rest_route=%2Fwp%2Fv2%2Fproduct_cat&post=10455"},{"taxonomy":"product_tag","embeddable":true,"href":"https:\/\/pasteleriapetra.es\/index.php?rest_route=%2Fwp%2Fv2%2Fproduct_tag&post=10455"}],"curies":[{"name":"wp","href":"https:\/\/api.w.org\/{rel}","templated":true}]}}